, 6 = 3*q. What are the prime factors of z?
3
Let m(p) = p + 1. Let k = -11 - -8. Let t be m(k). What are the prime factors of ((-15)/(-6))/(t/(-16))?
2, 5
Let m = -5 + 8. Let h(o) = 21*o - 3. Let y be h(m). Suppose 2*i = -2*i + y. List the prime factors of i.
3, 5
Let c be (5/(-15))/((-1)/(-3)). Let x be (-10 - c)*(-4)/6. Suppose 2 = -q, -3*q + 44 = -4*l + x*l. What are the prime factors of l?
5
Suppose k = -v + 3592, k - 6*v = -9*v + 3602. What are the prime factors of k?
17, 211
Let c = 943 - 628. Suppose 81 = -0*w + w - 2*q, -4*w + 5*q = -c. What are the prime factors of w + 3*10/(-15)?
73
Suppose u + 1 = -j, 16 - 3 = 2*u - 3*j. Suppose -5*m - 1 = -g + u, 2*m + 18 = -g. List the prime factors of (-1 - -4)*(13 + g).
3
Let h = 18 + -17. Let n(l) = 66*l + 2. Let g be n(h). Suppose g = q + q. List the prime factors of q.
2, 17
Let p be 8/20 - 2/5. Suppose 5*u + 4*t - 8 = p, -8*t = 4*u - 3*t - 10. Suppose 2*l - v - 21 = 0, -3*l + 2*l - 4*v + 33 = u. What are the prime factors of l?
13
Let w = 5 + 32. Let k = w + -33. What are the prime factors of k?
2
Let a(p) = 6*p + 11. Let t be a(7). Let j = t - -9. List the prime factors of j.
2, 31
Let a = 23 - 19. Suppose 0 = -4*w + a*m, 4*w + 2*m = -17 - 13. Let h = w + 9. List the prime factors of h.
2
Let l = 26 - 23. Suppose 5 = l*u - 4. Suppose -u*y - 215 = -4*b, 25 = b - y - 30. What are the prime factors of b?
2, 5
Let p(m) = 6*m**2 + 24*m + 4. What are the prime factors of p(13)?
2, 5, 7, 19
What are the prime factors of ((-534)/(-4))/(33/44)?
2, 89
Let d = -481 - -304. Let w = d + 324. List the prime factors of w.
3, 7
Suppose 0 = -2*v - 556 + 4008. List the prime factors of v.
2, 863
Let v = -484 + 1882. What are the prime factors of v?
2, 3, 233
Let i be (3/2)/((-6)/12). List the prime factors of 25 - 12/(0 + i).
29
Let i = 52 - 35. What are the prime factors of (14*i/2)/(16 - 15)?
7, 17
Let d(v) = -2*v**2 - 109*v - 95. List the prime factors of d(-45).
2, 5, 19
Let d = -209 - -479. What are the prime factors of d?
2, 3, 5
Let m(v) = 5*v**2 + 2*v - 1. Let n be m(1). Suppose -n*g + 3*g = -141. List the prime factors of g.
47
Let f(s) = -4*s**3 + 13*s**2 - 10*s - 2. Let b(v) = v**3 - v**2. Suppose 6*o - 25 = o. Let t(h) = o*b(h) + f(h). List the prime factors of t(-9).
7
Suppose 0*d = 5*a - 2*d - 28, a + 2*d = -4. Suppose -4*l - 5*o + 861 = 0, 0 = a*l - 4*o - 677 - 211. List the prime factors of l.
3, 73
Let i be (-125)/(-10)*-1 - (-2)/4. Let j = 26 + i. What are the prime factors of j?
2, 7
Let b(p) = -2*p + 63. Let z be b(-6). Let c be 62 + (-2)/3*3. Suppose 0 = -u - v + c, -4*v + z = 3*u - 2*u. List the prime factors of u.
5, 11
Let g = 426 - 181. List the prime factors of g.
5, 7
Let g(y) = -y + 8. Let i(n) = -n**2 - 10*n + 10. Let h be i(-8). Suppose 4*u = -h + 2. List the prime factors of g(u).
2, 7
Suppose -o - 138 = -3*o. Let u be 116/6 - 1/3. Suppose -4*b = -o - u. What are the prime factors of b?
2, 11
Let z(j) = 2*j**2 - 34*j - 13. Let y = -43 - -62. What are the prime factors of z(y)?
3, 7
Suppose 3*m - 1011 + 87 = -c, -3*m + c = -924. List the prime factors of m.
2, 7, 11
Let v = 345 + -324. List the prime factors of v.
3, 7
Suppose -20*k + 66436 = 9876. What are the prime factors of k?
2, 7, 101
Suppose -c = 9*c - 30. Suppose 769 = 5*y - 4*a, c*a - a - 457 = -3*y. What are the prime factors of y?
3, 17
Let t be 24/9*(-9)/4. Let w be 3*(-1)/(-2)*t. Let p = 15 + w. What are the prime factors of p?
2, 3
Suppose -89428 = -56*l + 11316. What are the prime factors of l?
7, 257
Let y(t) = -4*t**2 + 3*t**2 + 4 + 10*t + 7*t - 15. Let r be y(16). Suppose 33 = r*v - 27. What are the prime factors of v?
2, 3
Suppose -103 - 38 = -f. List the prime factors of f.
3, 47
Let k(l) = 1. Let w(i) = -i - 31. Let b(o) = -4*k(o) - w(o). Let x be b(0). Let a = 46 - x. List the prime factors of a.
19
Let v(c) = c**3 + 7*c**2 - 10*c - 12. Let r be v(-8). Suppose 0 = 5*z + 2*n - 6, -z + 3*n - 5 = r. Suppose z*m - 3*m + 48 = 0. What are the prime factors of m?
2
Suppose 2*o = 5*o + 2*m - 11, -3*m - 12 = -5*o. Suppose 2*t - t + 3*x = 87, -4*t - o*x + 393 = 0. List the prime factors of t.
2, 3, 17
Let i(n) = -7*n + 10. Let z = -17 - -10. List the prime factors of i(z).
59
What are the prime factors of 2*5*(-81)/(-90)?
3
Let s(r) = r**3 - 7*r**2 - 4*r + 5. Let w be s(6). Let j = w + 93. What are the prime factors of j?
2, 19
Let v = -34 + 1926. List the prime factors of v.
2, 11, 43
Let c be (4/5)/((-9)/(-135)). What are the prime factors of 79*(-12)/(-10) - c/(-60)?
5, 19
List the prime factors of -1 + 0 + (3 - 1315)/(-8).
163
Suppose 0 = 2*x - 5*d - 1021, 3*d + 2505 = -x + 6*x. Suppose -3*h = -4*p + x, 0 = 2*p - h + 21 - 269. List the prime factors of p.
3, 41
Let q(x) = -973*x - 28. Let i be q(-2). Suppose -3*a = 4*a - i. List the prime factors of a.
2, 137
Suppose 4*g = 2*l - 18, 6*l = 5*g + 2*l + 21. Suppose 0 = -t - 3*w - 18, 12 + 7 = -3*t - 2*w. What are the prime factors of g/(t + (-15)/(-6))?
2, 5
Suppose 2*h - 30 = 2*q, -44 = -3*h - 0*h + 2*q. Let l = h + -10. Suppose -l*k - 4*m = -80, 0 = -3*k + 3*m + 32 + 22. List the prime factors of k.
19
Let k = 1 - -5. Suppose -k = -3*y + 3*c, -y - 11 = -5*y + c. Suppose -13 - 144 = -y*m - 2*p, -2*m = -3*p - 96. What are the prime factors of m?
3, 17
Let a(w) = -151*w - 44. What are the prime factors of a(-11)?
3, 7, 11
Let b be (435/10)/(2/(-4)). Let o = b - -55. Let r = o - -58. What are the prime factors of r?
2, 13
Let x(c) = -10 + 79 - 6*c - c + 49. What are the prime factors of x(0)?
2, 59
Suppose 0 = -364*m + 354*m + 2420. What are the prime factors of m?
2, 11
List the prime factors of 176/396 + (-2 - (-10103)/9).
19, 59
Let s(v) = v**3 - 25*v**2 - 26*v + 9. List the prime factors of s(27).
3, 5, 17
Suppose -3*k + 2*k + 50 = -m, -3*m = -2*k + 103. Let b be (-113)/5 - (-4)/(-10). Let a = k + b. What are the prime factors of a?
2, 3
Let d(l) = -l**2 - 7*l - 8. Let r be d(-4). Suppose c = -r*c + 195. Suppose -4*q = -c - 9. What are the prime factors of q?
2, 3
Let q(f) = 22*f + 11 + 6 + 6 - f**2. What are the prime factors of q(17)?
2, 3
Let r(c) be the first derivative of 68*c**3/3 - 3*c**2/2 + c - 13. What are the prime factors of r(1)?
2, 3, 11
Let q(v) = -5*v - 14. Let p = -40 - -28. List the prime factors of q(p).
2, 23
Suppose 0 = 5*r - 5 - 10. Suppose 16 = r*m + m. Suppose 3*p - 4*c - 139 + m = 0, p + 4*c - 45 = 0. List the prime factors of p.
3, 5
Let y(p) = 25*p**2 + 84*p - 11. What are the prime factors of y(-6)?
5, 7, 11
Let j = 1 - -2. Let k(g) = j - 13*g**2 + g - 12*g**2 + 26*g**2. What are the prime factors of k(-5)?
23
Let y(d) = 2*d**3 + 15*d**2 + 9. Let r be y(-7). Let g = r + -3. List the prime factors of g.
5, 11
Suppose 7*o = 3968 + 4607. List the prime factors of o.
5, 7
Suppose -4*r - 1 = -21. Suppose -38 - 101 = -r*o + 4*j, 0 = 3*j + 3. List the prime factors of o.
3
Let k = 26 + -6. Suppose 12*g - 7*g - k = 0. Suppose r = g + 1. List the prime factors of r.
5
Suppose 3844 = 2*q + 4*y, 0 = -q + 4*y + 2520 - 628. What are the prime factors of q?
2, 239
Suppose 0 = k + 3*k - b - 84, 3*b = 3*k - 72. Let w be (14 - k)*(-2)/4. Suppose -w*g + 66 = -g. List the prime factors of g.
3, 11
Suppose -24 = -2*r + w, 4 = r + r + 4*w. What are the prime factors of 1105/r - (-3)/(-6)?
2, 5, 11
Suppose 3*o - 6*o = -4*i - 3276, 0 = -3*i. List the prime factors of o.
2, 3, 7, 13
Let x = -61 - -65. Suppose -x*b + 245 = 3*b. List the prime factors of b.
5, 7
Let t be 44 + 0*(-1)/3. Suppose 2*q - 228 - t = 0. What are the prime factors of q?
2, 17
Let n = 18 - 11. Suppose -g + 3*g - 108 = 0. List the prime factors of -5*n/((-105)/g).
2, 3
Let b = -5 - -8. Suppose q - 2*q + 20 = -t, b*q - 2*t - 65 = 0. Suppose 0 = q*a - 29*a + 184. What are the prime factors of a?
2, 23
Let w(y) = -y**3 + 16*y**2 + 3*y - 20. Let o be w(16). What are the prime factors of (8/1 + 0)*49/o?
2, 7
Suppose -5*k + 33 = z + 1, 46 = 3*z + 5*k. Suppose 6 = 10*c - z*c. List the prime factors of c.
2
Let m = 689 + -404. Let i be m/(-12) + 6/8. Let t = i + 50. List the prime factors of t.
3
Let g = -44 - -90. Suppose -2*c - g = -4*c. What are the prime factors of c?
23
Suppose -3*r + 7053 = 5*c, -4*c = -3*r - 3692 - 1945. Suppose -2*h + c = 4*h. List the prime factors of h.
5, 47
Let r